uppose 13*o = 8*o + 5. Is -1 + 3 - (-402 + o) prime?
False
Let b be (-3)/(-9)*1*6. Suppose b*o - 5*k + 15 = 0, -o = -4*k + 3*k + 3. Is (-1221)/(-3) - o/(-1) prime?
False
Suppose -4*j = -3*j. Suppose j = 3*l - 6, 3*y + y = -l + 35330. Is 5/35 + y/14 composite?
False
Let d(c) = c**3 - 14*c**2 + 4*c - 6. Let g be d(17). Suppose 441 = 5*t - g. Is t a prime number?
False
Suppose 28*j - 26*j - 8140 = 0. Suppose -3433 - 617 = -5*n - o, 5*o = -5*n + j. Is n composite?
False
Let b(m) = 587*m**2 + 4*m + 35. Is b(-6) a prime number?
True
Suppose 6*u - 12 = -0*u. Suppose -5*g - u*a + 1195 = -6*a, -5*g - a + 1170 = 0. Is g a composite number?
True
Let n be 4/(-4)*2*-1. Let f(c) = -c**2 + 15*c + 16. Let p be f(16). Suppose -n*r + 1285 - 283 = p. Is r a composite number?
True
Let q(h) = -4*h**3 + 9*h**2 - 16*h - 7. Is q(-10) prime?
False
Suppose 0 = 2*c - c + 4. Let o be c/12 + 874/(-6). Let a = 531 - o. Is a composite?
False
Suppose 10*t - 6*t + 2*n = 16844, -16860 = -4*t + 2*n. Is t prime?
False
Let b(s) = 21*s - 184. Is b(43) a composite number?
False
Let j be -71*(-2)/(-4)*(-10)/5. Suppose -g + j = -0*g. Is g prime?
True
Let f(a) = 20032*a - 99. Is f(2) composite?
True
Is (110/15 - 7)*58323 a composite number?
False
Suppose 4*n - 17 = 3*d, -4*n = -2*d - 11 - 3. Suppose 2*i = i + 5*c + 16, i - 22 = -c. Suppose -i = f - n*f. Is f composite?
True
Is -1 - (-3873 + (7 - -2)) a composite number?
False
Let d be (-179)/(-4) + 1/4. Let h = 9 + d. Suppose 0 = 2*b - 80 - h. Is b a prime number?
True
Is 1/((-3275)/14778 + 56/252) a prime number?
False
Let d(a) = -152*a**3 + 3*a**2 - 3*a - 8. Let i be d(-2). Suppose -183 + i = 7*c. Is c composite?
False
Let z be 0/((3 + -2)*2). Suppose 3497 = h - z*h. Is h a prime number?
False
Let c be (1 + -14)*(6 + -117). Suppose -5*z + c = 2*a, z - a - 291 = -1. Is z a composite number?
True
Let s(b) = -292*b - 3. Let m be s(-5). Suppose -2*v - 276 = -3*p + 583, -5*p = 3*v - m. Is p a prime number?
False
Let j(c) = c**2 + 8*c + 10. Let i be j(-7). Is 1*4 + i + -4 + 2030 prime?
False
Suppose -2*i - 3 = -9. Suppose 4*z - c = 9087, i*z - 2*c + c = 6816. Is z composite?
True
Let w be 3/2*(-110)/(-33). Suppose -2*l - 44 = -4*j - 710, -w*j - 5 = 0. Is l prime?
True
Let r = 12 + -6. Is (-4)/10*(r + -61) composite?
True
Suppose 0 = -302*g + 284*g + 4584258. Is g a prime number?
False
Let u(j) = 9*j - 4. Let a be u(3). Let b = -54 + 63. Let q = a - b. Is q prime?
False
Let f(t) be the first derivative of 29*t**4/4 - 5*t**3/6 + 5*t**2/2 - 5. Let p(r) be the second derivative of f(r). Is p(4) a composite number?
False
Let h(j) = j**2 - 7*j - 1. Let o be h(7). Let g be o/((-4)/158)*-2. Let a = 27 - g. Is a a prime number?
False
Is (((-3)/3)/(-1))/((-1)/(-42589)) a composite number?
False
Let k = 4442 + 13215. Suppose 808 = -7*t + k. Is t a composite number?
True
Suppose l - 4*l = -24. Let s be (2/2)/(l/16). Suppose -4*g = -s*c - 486, 0 = 2*c + 2. Is g a prime number?
False
Let q be (-447)/(-9)*(-3 - -9). Let i = -108 + q. Suppose k = -k + i. Is k prime?
False
Let a(q) = -q**2 - 18*q - 4. Suppose -v = 5*i - 8, 1 = -i + 3. Let c be v/(-6) + (-140)/15. Is a(c) prime?
False
Suppose -5*i + 81 = 4*i. Is (57/i)/((-2)/(-6)) a prime number?
True
Let s = -608 + 1827. Is s a prime number?
False
Let c(i) = 75*i**2 - 5*i + 3. Is c(7) prime?
True
Let q = 18172 - 12714. Let t = q + -3635. Is t prime?
True
Suppose 0 = -2*g - l + 20, 2*l + 3 + 2 = g. Suppose -5*r - 40 = -g*r. Is (-296)/r*40/(-16) prime?
False
Let j(o) = o**2 + o. Let p(m) = 3*m**2 - 12*m + 9. Let w(q) = 5*j(q) + p(q). Is w(-10) a composite number?
True
Suppose 3*u - 2*u = 53. Let o be (72 + -52)*(-1 - 0)*1. Let h = o + u. Is h a composite number?
True
Let a = 895 + 1643. Suppose 0 = 5*d + a - 11423. Is d a composite number?
False
Let d = -3 + 5. Suppose 5*s - 517 = -d*w, 3*w + s + 0*s = 808. Is w a composite number?
False
Suppose -13*m + 280628 - 52205 = 0. Is m a composite number?
True
Suppose -49*a + 34*a + 118995 = 0. Is a prime?
True
Suppose -4*u = 5*j - 19037, u = -3*j - 3*u + 11419. Is j composite?
True
Is (3 + 70377 - 2) + -7 + -8 composite?
True
Suppose 0 = 12*v - 520 - 12284. Is v composite?
True
Suppose 854 = 3*k - 5*k + 5*v, -4*k - 1682 = 3*v. Let i = 114 - k. Let z = -285 + i. Is z composite?
False
Let q(m) = 2*m**3 - 2*m**2 - 3*m + 14. Let y be q(7). Let g = y - 264. Is g prime?
True
Let o = 2 + 2. Let h be o/(-10) + 4526/(-10). Let t = 664 + h. Is t a prime number?
True
Let s be (-2)/13 - (-1895)/65. Let z = s - 6. Suppose 27*n - 2708 = z*n. Is n a composite number?
False
Let x = 20 + -18. Suppose x*t + 9 = 5*t. Suppose 2*w - 180 = -j - t*j, -3*j = 3*w - 258. Is w prime?
False
Let d be (12/15)/(8/(-20)). Is 937*(0 + -1 + d + 4) a composite number?
False
Suppose 3215 = 2*l + 3*l. Is (1 - l/2)/((-14)/28) prime?
True
Suppose -5*t + 114583 = -n, 5*t - 3*n - 90641 - 23938 = 0. Is t a composite number?
True
Let s(g) = g**2 - 6*g + 4871. Is s(0) composite?
False
Let x(k) = -k**3 + 7*k**2 + 8*k - 2. Let m be x(8). Let q be -1 + -2 + (-14)/m. Is ((-2)/q)/(2/(-276)) a composite number?
True
Let w(g) = -7*g**2 - 5*g - 5. Let t(c) = -c**2. Let h = 4 - 5. Let s(m) = h*w(m) + 3*t(m). Is s(6) a prime number?
True
Let b(q) = -q**2 - 5*q + 2. Let w be b(-4). Let p be 1 + 1 - (w + 6). Let i(t) = -t**3 - 8*t**2 + 3*t - 13. Is i(p) a prime number?
True
Let o = 3633 - 1887. Is (-1 - (-4)/3)/(2/o) prime?
False
Let z be 3 - (135 + -3 + -5). Let j = z - -201. Is j a composite number?
True
Suppose -100 = -5*i - 25. Suppose -i*k + 11*k = -252. Suppose x - 5*j - k = -1, 3*j = 3. Is x composite?
False
Let q(x) = -8*x + 16. Let f be q(8). Let s = -28 - f. Suppose -5*t - s = 0, -3*d + 493 + 292 = t. Is d composite?
False
Let j(v) = -24*v - 1. Let n be j(-9). Let b be (3 + -2)/(2/6). Suppose 4*i = -3*a + n, 5*a = b*a + 5*i + 128. Is a a prime number?
False
Let n(y) = 31*y - 21. Let m be n(10). Is m/(0 - (3 + -4)) a composite number?
True
Let v = 6774 + -4232. Suppose -2*d + 7628 = v. Is d prime?
True
Let a(m) = 112*m + 115. Is a(7) composite?
True
Suppose -29*n = -484038 - 2029595. Is n a composite number?
False
Let k(v) = 0*v + 13 + 12*v**2 - 9*v + 12 - 6*v. Is k(8) prime?
True
Suppose x = -4*x + 960. Let q(c) = c**3 + 3*c**2 + c + 6. Let l be q(-3). Suppose -l*g - 326 = -2*j, j - x = 5*g - 15. Is j a composite number?
False
Let y(r) = 2*r + 7. Let o be y(-3). Let v(l) = -l**2 + l + 1. Let q be v(o). Is 2/(-2)*-253*q prime?
False
Suppose -j + 3*b - 6*b - 32 = 0, -5*b = -2*j - 20. Let q = 54 + j. Is q prime?
False
Is (3 + (-8498)/(-6))*15/10 composite?
False
Suppose 3*w - 13342 - 9809 = 0. Is w composite?
False
Suppose -2*f - 27 = -2*t + 19, 0 = t - 5*f - 19. Let k be 1/(-1) - (-317 + -1). Let w = k - t. Is w composite?
False
Suppose -3*x - 4278 = 4*b, -b - 469 = x + 958. Let h = x + 2071. Is h a prime number?
True
Let m = 29194 + 7995. Is m composite?
False
Let o(a) = 26*a + 2 + 8*a + 30*a + 24*a. Is o(2) prime?
False
Let b(q) = q**3 + 10*q**2 + 5*q + 5. Suppose o + o = 6, -z = -3*o + 17. Is b(z) a composite number?
True
Suppose -5*z - 6 = c - 94, 3*c = z + 200. Let u = 121 - c. Is u a composite number?
False
Let k(c) = 30*c + 227. Is k(37) a composite number?
True
Let v(t) = t**3 + t**2 + 1. Let p(z) = -4*z**3 - 5*z**2 + z - 6. Let n(x) = p(x) + 3*v(x). Let i be 2/(-9) - 129/27. Is n(i) a prime number?
True
Is -1678*1*(230/20 + -12) prime?
True
Let n = 405 - 98. Is n prime?
True
Let z = 520 + 12865. Is z a composite number?
True
Suppose 0 = -2*m + 6 - 2. Suppose -5*a = -m*a - 99. Is a composite?
True
Let k be (8/6)/(14/(-126)). Let t be ((-24)/10)/(k/30). Suppose 0 = -2*x + t, -3*w + 3*x = -x - 381. Is w prime?
True
Let m(k) = -k**2 + 3*k. Let p be m(3). Suppose p = -t - 5*s + 184, -4*t + 0*s = 4*s - 784. Is t composite?
False
Suppose x = 4*x. Suppose -2*c + g - 5 = x, 4*c = 2*c + 2*g - 10. Suppose 0*f + 5*f - 285 = c. Is f a composite number?
True
Suppose -4*w - 3*r = -25, -w + 4*r = 2*w. Suppose -193 = -2*u + 61. Suppose 2395 - u = w*t + 4*x, -5*x = 20. Is t a composite number?
False
Suppose 3*v + 2*v = -4*q + 28, 4 = -v - 4*q. Suppose -3*f = -v*f + 8905. Is f prime?
False
Let t = -2801 + 1418. Let w = -904 - t. Is w a prime number?
True
Let z(q) = -39*q - 15. Let p be z(-6). Let n be 2 - 5 - p*-3. 